 2). Let c be s/(-3) - 533/(-123). Let k(f) = f**3 - 4*f**2 - 3*f + 1. Calculate k(c).
-11
Let g(a) = -2*a - 104. Suppose -67*t + 707 - 707 = 0. What is g(t)?
-104
Let b(o) = 2*o**2 + 148415*o**3 + 3*o**2 - 148397*o**3 - 1 + 4*o. Calculate b(-2).
-133
Let g(u) = -3*u + 27. Let r = 26581 - 26578. What is g(r)?
18
Let d(c) be the second derivative of -c**5/20 + c**4/2 - 7*c**3/6 - 7*c**2/2 + 7*c. Let s be (2 + 3/(-15))*(-60)/(-18). Determine d(s).
-49
Let o be 2*(-1)/4*-6. Let x(v) be the second derivative of 8*v**3/3 - 7*v**2/2 - 113*v. Let j(y) = 7*y - 3. Let f(a) = 9*j(a) - 4*x(a). Determine f(o).
-2
Let i(w) be the third derivative of -w**6/10 + w**5/60 + w**4/24 + w**3/6 - 42909*w**2. Suppose -4*f - 4 + 0 = 0. What is i(f)?
13
Let b = 288 + -285. Let x be 4 + 3 - (-2 + b). Let j(g) = 3*g - 6. Let o(y) = y + 1. Let t(i) = j(i) - o(i). Determine t(x).
5
Let x(b) = 12*b - 59. Let o(y) = 8*y**2 - 65*y + 13. Let h be o(8). Determine x(h).
1
Let z(x) be the third derivative of -x**6/60 + 7*x**5/60 - 5*x**4/24 + x**3/6 - 3383*x**2. What is z(4)?
-35
Let s(n) be the second derivative of -n**4/12 + n**3/6 - 37*n**2 - 61*n - 5. Calculate s(0).
-74
Let r = 0 - -7. Suppose 0 = 2*q + 3*q - v - 34, 0 = 2*v + 8. Let o(u) = -18 - u + 2*u + 3 + q. Determine o(r).
-2
Let d(o) = -99*o**2 - 36*o - 24. Let q(f) = -119*f**2 - 41*f - 24. Let p(l) = -6*d(l) + 5*q(l). Give p(14).
-18
Let i be (-28)/(-20) + -1 - (-7 - (-74)/10). Let s(z) = -z**2 - z. Calculate s(i).
0
Let j(m) be the second derivative of -m**5/20 - 19*m**4/12 + m**3/2 + 39*m**2/2 - 5368*m. What is j(-19)?
-18
Let h(a) = a**2 + 9*a. Let x be h(-10). Let u = x + -6. Suppose -u*l = m - 7, -m = l + 3 - 1. Let y(z) = z**3 + 4*z**2 - 3*z + 6. What is y(m)?
-4
Let s(o) = 16073 + 16051 - 2*o - 48181 + 16070. Suppose -3*g + 5 - 50 = -4*w, -w - 5*g = 6. Give s(w).
-5
Let x(r) be the second derivative of 3/2*r**2 - 1/2*r**3 - 90*r + 0. Give x(2).
-3
Let u(i) = i + 14. Let z = -5254 + 5265. Determine u(z).
25
Let c be -2 + (4 - -28 - 6). Let w(p) = -p**2 + 25*p - 14. Let y be w(c). Let b(u) = -u**3 + 11*u**2 - 9*u + 2. Determine b(y).
12
Let m(a) = -a**2 + 4*a + 7. Let r be m(6). Let j(s) be the second derivative of -2 - 2*s**2 - 1/2*s**3 - 3*s. What is j(r)?
11
Let v(h) = -h**3 + 9*h**2 - 3*h - 42. Suppose 29*k - 2*k + 11*k - 304 = 0. Calculate v(k).
-2
Let c(v) = 5*v - 3. Let w(h) = -222*h + 1991. Let k be w(9). Calculate c(k).
-38
Suppose -4*c + 355 = 3*l - 204, 3*c - 2*l - 432 = 0. Let q(t) = -11 + 12 + 140*t + t**2 - c*t + t**3. What is q(1)?
1
Let x(j) = 2*j - 9. Let g(l) = 26*l - 369. Let q be g(14). Let p be 5/(-75)*q*15. Give x(p).
1
Let v(w) = w**3 - 26*w**2 - 85*w - 25. Let d(j) = 21*j**2 - 163*j - 11. Let n be d(8). Calculate v(n).
33
Let x(u) be the second derivative of u**5/20 - 5*u**4/3 + u**3/3 - 14*u**2 + 210*u + 3. Determine x(20).
12
Let q(g) = g + 1. Let l = -200 - -142. Let i = 63 + l. Suppose -11*h + i = -6. What is q(h)?
2
Let d = 23 + -22. Let v be d/(-2)*(-15 + 7). Let n(x) = 3 + v - 1 - x + 1. Determine n(3).
4
Let g be (-3)/((-12)/776) - (3 + -1). Let i(s) = 195*s + 2*s**2 - g*s - 4 - s**2. Suppose 4*v - 2*l + 14 = 0, 11 = -4*v + 6*l - l. Determine i(v).
0
Let g(r) = -5*r + 54. Let b be (-165)/(-35 - -20) + -16. Give g(b).
79
Let z(t) = -t**3 + t**2 - t + 12. Suppose -h = -3*i - 1, -6*h = 5*i - 9*h + 3. Calculate z(i).
12
Let y(d) be the third derivative of 0*d + 3*d**2 + 1/24*d**4 + 9 + 5/6*d**3. Give y(-11).
-6
Let q(f) = -4*f - 9. Let g(p) = -3*p - 6. Let d(v) = -7*g(v) + 5*q(v). Let a(u) = u**2 + u - 1. Let r be a(2). Suppose 7*t = r*t. Give d(t).
-3
Let l(i) = -i**3 + 5*i**2 + 22*i - 48. Let n be l(7). Let d(j) = -n + 4 + 6*j + 0*j + 1. Calculate d(-3).
-21
Let v(h) = -h**2 - 2*h - 19. Let a(o) = 3*o**2 + 2*o + 56. Let m(l) = -3*a(l) - 8*v(l). Give m(5).
9
Let z(d) = -9*d - 17. Let n be z(3). Let g = 50 + n. Suppose 2*m + 0*m - 4*j + 2 = 0, 2*m + g = 3*j. Let r(p) = p**2 + 9*p - 1. Determine r(m).
-1
Let q(v) = 12*v**3 + 2*v**2 + 5*v - 6. Let y be (10/4)/(42 + (-1975)/50). Determine q(y).
13
Suppose 4*u + h = -0*h - 10, 2*h = 5*u + 19. Suppose 46*w - 71 = 67. Let p(i) = 47*i - 1. Let c(o) = -20*o + 1. Let s(n) = w*p(n) + 7*c(n). Give s(u).
1
Suppose 4*l - l + 3*r - 18 = 0, 24 = 5*l - r. Suppose -48 = -76*h + 60*h. Let w(b) = 11*b**3 - 19*b**3 - 5*b**2 + b**3 + 8*b**h + 1. Calculate w(l).
1
Let i(a) = -7 - 13*a**2 + 34*a**2 + 3*a**3 - 2*a**3 - 9*a**2. Suppose 5*n - 3*s = 328, 0*n = -2*n - 2*s + 128. Let j = 53 - n. Determine i(j).
-7
Let s be (-65*(0 + -2))/2. Suppose 0 = 63*c - 50*c + s. Let w(x) = 3*x + 11. Give w(c).
-4
Let m(y) = 3*y**2 + 14*y + 120. Let s be m(-19). Let i(x) = -s*x + 3 - 2*x**2 + 932*x + 3*x**2. What is i(6)?
9
Suppose -56*m + 528 = -104*m. Let t(i) = 3*i + 24. Calculate t(m).
-9
Let w be 0/((-216)/(-52) + 2/(-13)). Let d(j) = -36*j - j**2 + 12*j + w + 19*j + 7. Calculate d(-4).
11
Let v(i) = i**2 - 15*i - 99. Let u = 5576 + -5556. What is v(u)?
1
Let a(g) = -942 - 882 + 2766 - 4*g - 945. Let t be (-2)/4 - (-7)/2. What is a(t)?
-15
Let m(p) = -14*p**2 + 14*p - 10. Let o(f) = 130*f**2 - 128*f + 90. Let j(q) = 28*m(q) + 3*o(q). Determine j(0).
-10
Let c(a) = -2*a**2 + 3*a. Let h(j) be the first derivative of j**4/4 + 11*j**3/3 - 7*j**2 - 19*j + 170. Let g be h(-12). Give c(g).
-35
Let s(r) = 9*r + 79. Suppose 7*u + 5 = -22*u - 227. What is s(u)?
7
Let m(c) = 28*c**2 - c + 12. Suppose 0*x + 6*x = 36. Let y(r) = 28*r**2 - r + 10. Let a(l) = x*y(l) - 5*m(l). Determine a(-1).
29
Let s(a) = -5*a**2 - 4*a + 27*a**2 - 3*a**2 - 4*a + 23 - 16*a**2. Give s(7).
114
Let i(u) = -3 - 5*u + 0*u**2 - 2 + u**2. Let d(z) = -2*z + 14. Let l(a) = -4*a + 27. Let f(j) = 11*d(j) - 6*l(j). Let w be f(7). Calculate i(w).
1
Let x(t) = -6*t**2 - 3*t + t**3 + 3*t + 5*t**2 + 3 - 5*t**2 + 4*t. Calculate x(4).
-13
Let m(c) = 28*c**2 - c - 5. Let v(g) = -57*g**2 + 2*g + 9. Let p(r) = -7*m(r) - 4*v(r). Determine p(-1).
32
Let x(d) be the third derivative of d**5/15 - 7*d**4/12 + 4*d**3/3 + 8*d**2 + 537. Calculate x(4).
16
Let i(u) = 2*u + 5*u - 33 - 6 + 11 - u. Calculate i(-9).
-82
Let o(s) be the first derivative of s**4/4 - 16*s**3/3 + 61*s**2/2 - 7*s - 4965. Determine o(10).
3
Let v(t) = -t**2 - 9*t + 105. Suppose -130*i + 64*i = -528. Calculate v(i).
-31
Let c be 15/(-54)*(-1 + -2). Let k(m) be the second derivative of 1/12*m**4 + 3/2*m**2 + 0 - c*m**3 + 49*m. Determine k(4).
-1
Let k = -5 + 10. Let p(r) = 69 + 3*r + 80 - 164. Let a(w) = -4*w + 23. Let z(n) = -5*a(n) - 8*p(n). What is z(k)?
-15
Let p be (-10)/(0 + -1) + -3. Let s(o) be the third derivative of 4 - 3/2*o**3 + 0*o - o**2 - 1/12*o**4. Give s(p).
-23
Let h be ((-100)/(-16))/(10/16). Suppose 2 = -k - 3. Let f be (-13)/k + (-6)/h + 1. Let y(t) = -t**2 - 3*t + 1. Calculate y(f).
-17
Let u(v) be the second derivative of -v**6/360 + v**5/20 + 7*v**4/24 - 46*v**3/3 + 50*v. Let i(n) be the second derivative of u(n). What is i(6)?
7
Suppose -h = -7 - 6. Let v = -287 - -289. Let d(p) = -11*p - p**2 - v*p**2 + 25*p - p**3 + 15*p**2 - 16. Calculate d(h).
-3
Let c = 50 - 50. Let m(y) = 2*y**3 - 5*y**2 - 3*y - 7. Let f(x) = -x**3 + 3*x**2 + 2*x + 3. Suppose 13*o - 9*o + 20 = 0. Let b(d) = o*f(d) - 3*m(d). Give b(c).
6
Let s(x) = 2*x - 57. Suppose -3*p + j + 85 = 0, 4*p - 40 - 57 = -j. Calculate s(p).
-5
Let f(o) be the third derivative of 11*o**4/24 + 65*o**3/3 - 5*o**2 - 211*o. Calculate f(-11).
9
Let j(p) be the first derivative of p**2/2 + 9*p + 4212. Give j(15).
24
Let q(r) be the third derivative of r**5/60 - r**4/8 + r**3/6 + 17*r**2. Let p(a) = -7*a - 44. Let k be p(-7). Determine q(k).
11
Suppose 6*i + 13 + 41 = 0. Let f(t) = -6*t - 60. Let g be f(i). Let u(d) = d**2 + 7*d + 6. Give u(g).
0
Let r(f) = -f**3 + f**2 - f - 1. Suppose 8 = 9*n - 5*n. Let j(c) = -6*c**n + 7*c**3 - c**2 - 4 + 2 + 9 + 6*c. Let t(z) = j(z) + 6*r(z). Calculate t(1).
1
Suppose -10*v + 9*v = -9. Let k(w) = -2*w - 62*w**2 - 56*w**2 - v + 117*w**2. Let j(f) = 3*f**2 + 3*f + 19. Let p(d) = 2*j(d) + 5*k(d). Give p(5).
-2
Let s(t) = -13*t**2 + 26*t - 27. Let z(w) = 1021*w - 1020. Let m be z(1). What is s(m)?
-14
Let z(k) = 7*k + 8. Let v(t) = -8*t - 9. Let a(i) = -2*v(i) - 3*z(i). Let w = 32 - 29. Suppose -5*l + l = -d + 15, w*d + 23 = -5*l. Calculate a(l).
14
